re the prime factors of 4450411?
7, 223, 2851
What are the prime factors of 1329001?
31, 43, 997
What are the prime factors of 3613547?
7, 163, 3167
List the prime factors of 1021760.
2, 5, 31, 103
List the prime factors of 297247.
297247
What are the prime factors of 55501?
55501
What are the prime factors of 14871520?
2, 5, 41, 2267
List the prime factors of 3926334.
2, 3, 67, 9767
What are the prime factors of 1597208?
2, 53, 3767
List the prime factors of 1131786.
2, 3, 20959
List the prime factors of 570380.
2, 5, 19, 79
What are the prime factors of 1428594?
2, 3, 238099
List the prime factors of 155006.
2, 17, 47, 97
List the prime factors of 666133.
13, 51241
What are the prime factors of 11521359?
3, 17, 2789
List the prime factors of 95948.
2, 17, 83
List the prime factors of 476163.
3, 191, 277
List the prime factors of 96732.
2, 3, 2687
What are the prime factors of 629930?
2, 5, 7, 8999
List the prime factors of 361410.
2, 3, 5, 7, 1721
What are the prime factors of 6958015?
5, 17, 109, 751
What are the prime factors of 55817?
55817
What are the prime factors of 46052?
2, 29, 397
List the prime factors of 79095.
3, 5, 5273
List the prime factors of 8881646.
2, 4440823
What are the prime factors of 1835091?
3, 29, 79, 89
What are the prime factors of 269382?
2, 3, 17, 19, 139
What are the prime factors of 1030867?
1030867
What are the prime factors of 942553?
103, 9151
List the prime factors of 474806.
2, 43, 5521
List the prime factors of 808789.
808789
List the prime factors of 22834615.
5, 4566923
What are the prime factors of 456141?
3, 7, 29, 107
List the prime factors of 22051502.
2, 11, 1002341
List the prime factors of 749038.
2, 607, 617
What are the prime factors of 2885402?
2, 13, 110977
List the prime factors of 1109102.
2, 61, 9091
List the prime factors of 587556.
2, 3, 19, 859
What are the prime factors of 381247?
461, 827
List the prime factors of 2349916.
2, 311, 1889
List the prime factors of 1963646.
2, 981823
List the prime factors of 231473.
11, 1913
What are the prime factors of 613774?
2, 7, 6263
List the prime factors of 2792789.
131, 21319
What are the prime factors of 8533833?
3, 7, 11, 36943
What are the prime factors of 198538?
2, 53, 1873
List the prime factors of 8560688.
2, 479, 1117
List the prime factors of 5133589.
281, 18269
List the prime factors of 37429627.
37429627
What are the prime factors of 1510955?
5, 302191
List the prime factors of 3334475.
5, 133379
List the prime factors of 14956331.
13, 88499
What are the prime factors of 439959?
3, 13, 29, 389
List the prime factors of 6867194.
2, 3433597
What are the prime factors of 7127965?
5, 13, 109661
What are the prime factors of 23116991?
17, 1359823
What are the prime factors of 125650?
2, 5, 7, 359
List the prime factors of 4484279.
139, 32261
List the prime factors of 1022463.
3, 13, 971
What are the prime factors of 164193?
3, 229, 239
What are the prime factors of 114356?
2, 11, 23, 113
What are the prime factors of 758341?
758341
What are the prime factors of 3028137?
3, 7, 41, 3517
What are the prime factors of 16346028?
2, 3, 419, 3251
What are the prime factors of 255737?
23, 11119
List the prime factors of 2206255.
5, 441251
List the prime factors of 88731.
3, 9859
List the prime factors of 131154.
2, 3, 21859
What are the prime factors of 7770709?
83, 251, 373
List the prime factors of 2658420.
2, 3, 5, 547
List the prime factors of 2992795.
5, 13, 41, 1123
List the prime factors of 9653699.
11, 877609
List the prime factors of 2495476.
2, 623869
What are the prime factors of 6705733?
6705733
List the prime factors of 193543.
7, 43, 643
What are the prime factors of 4383591?
3, 1187, 1231
What are the prime factors of 4286341?
71, 73, 827
What are the prime factors of 2638147?
71, 73, 509
List the prime factors of 686592.
2, 3, 149
List the prime factors of 659167.
19, 34693
List the prime factors of 1118481.
3, 7, 13, 17, 241
List the prime factors of 522200.
2, 5, 7, 373
List the prime factors of 3283134.
2, 3, 67, 8167
What are the prime factors of 691687?
691687
What are the prime factors of 3027887?
17, 277, 643
What are the prime factors of 10642621?
11, 967511
List the prime factors of 28125042.
2, 3, 11, 239, 1783
What are the prime factors of 969838?
2, 173, 2803
List the prime factors of 6654112.
2, 207941
List the prime factors of 5122455.
3, 5, 13, 109, 241
What are the prime factors of 4445675?
5, 13, 13679
List the prime factors of 1907354.
2, 47, 103, 197
List the prime factors of 282815.
5, 13, 19, 229
What are the prime factors of 8309227?
8309227
List the prime factors of 272981.
272981
List the prime factors of 64167.
3, 73, 293
List the prime factors of 3297786.
2, 3, 23, 1039
List the prime factors of 593007.
3, 89, 2221
List the prime factors of 2931450.
2, 3, 5, 19543
List the prime factors of 51318.
2, 3, 2851
List the prime factors of 1019630.
2, 5, 101963
List the prime factors of 2358895.
5, 7, 11, 557
List the prime factors of 51552.
2, 3, 179
List the prime factors of 2653320.
2, 3, 5, 22111
What are the prime factors of 5887554?
2, 3, 79, 12421
List the prime factors of 4309570.
2, 5, 430957
List the prime factors of 182453.
182453
What are the prime factors of 3573403?
3573403
What are the prime factors of 430554?
2, 3, 73, 983
What are the prime factors of 1218349?
11, 10069
What are the prime factors of 53943?
3, 17981
List the prime factors of 7579499.
19, 398921
What are the prime factors of 100810?
2, 5, 17, 593
List the prime factors of 16184034.
2, 3, 17, 52889
What are the prime factors of 2366016?
2, 3, 12323
List the prime factors of 290942.
2, 145471
List the prime factors of 13905082.
2, 17, 43, 9511
What are the prime factors of 154821?
3, 51607
List the prime factors of 13944084.
2, 3, 7, 11, 15091
What are the prime factors of 376858?
2, 61, 3089
List the prime factors of 226307.
226307
List the prime factors of 426535.
5, 23, 3709
What are the prime factors of 380748?
2, 3, 31729
What are the prime factors of 4445860?
2, 5, 222293
What are the prime factors of 5234476?
2, 13, 43, 2341
List the prime factors of 98752.
2, 1543
What are the prime factors of 33688?
2, 4211
List the prime factors of 13310477.
809, 16453
What are the prime factors of 12138?
2, 3, 7, 17
What are the prime factors of 176095?
5, 41, 859
What are the prime factors of 124945?
5, 24989
What are the prime factors of 20370732?
2, 3, 23, 3209
What are the prime factors of 4810288?
2, 7, 29, 1481
What are the prime factors of 3817075?
5, 61, 2503
List the prime factors of 6325395.
3, 5, 31, 61, 223
What are the prime factors of 2125517?
2125517
List the prime factors of 3849386.
2, 1924693
What are the prime factors of 9391188?
2, 3, 211, 3709
List the prime factors of 321091.
321091
What are the prime factors of 9348558?
2, 3, 149, 10457
List the prime factors of 139461.
3, 7, 29, 229
What are the prime factors of 1672285?
5, 19, 29, 607
List the prime factors of 10536510.
2, 3, 5, 351217
What are the prime factors of 363836?
2, 11, 8269
What are the prime factors of 6840656?
2, 427541
List the prime factors of 31924690.
2, 5, 7, 23, 79, 251
List the prime factors of 15707131.
11, 11801
List the prime factors of 3200900.
2, 5, 32009
What are the prime factors of 7691860?
2, 5, 11, 34963
What are the prime factors of 2463881?
7, 47, 7489
List the prime factors of 8073116.
2, 97, 20807
List the prime factors of 11384644.
2, 2846161
List the prime factors of 320819.
31, 79, 131
List the prime factors of 1472843.
41, 35923
List the prime factors of 571431.
3, 7, 27211
List the prime factors of 181376.
2, 13, 109
List the prime factors of 825243.
3, 139, 1979
List the prime factors of 1298505.
3, 5, 13, 6659
List the prime factors of 1612432.
2, 179, 563
List the prime factors of 3325346.
2, 41, 107, 379
List the prime factors of 179705.
5, 127, 283
List the prime factors of 5506378.
2, 2753189
What are the prime factors of 1395503?
941, 1483
List the prime factors of 363318.
2, 3, 19, 3187
What are the prime factors of 1292933?
823, 1571
List the prime factors of 719462.
2, 359731
What are the prime factors of 1855115?
5, 311, 1193
What are the prime factors of 1592598?
2, 3, 7, 5417
What are the prime factors of 2